{"id":271,"date":"2016-03-22T12:16:20","date_gmt":"2016-03-22T11:16:20","guid":{"rendered":"http:\/\/www.howasped.de\/neu\/?page_id=271"},"modified":"2017-02-16T18:22:51","modified_gmt":"2017-02-16T17:22:51","slug":"kundeninformationen","status":"publish","type":"page","link":"https:\/\/www.howasped.de\/index.php\/kundeninformationen\/","title":{"rendered":"Kundeninformationen"},"content":{"rendered":"<p>[vc_row][vc_column]<div class=\"section-header tblock-default text-center   \">\r\n\t\t\t\t<h3 class=\"tblock \" style=\"color: !important;\">Kundeninformationen<\/h3><p style=\"color: !important;\"><\/p>\r\n\t\t\t<\/div>[vc_row_inner][vc_column_inner][vc_column_text]<\/p>\n<p><center><iframe loading=\"lazy\" width=\"550\" height=\"400\" style=\"border: currentColor; overflow: hidden;\" allowtransparency=\"true\" frameborder=\"0\" scrolling=\"no\" src=\"https:\/\/www.facebook.com\/plugins\/page.php?href=https%3A%2F%2Fwww.facebook.com%2FHowasped-GmbH-Co-KG-161667113895724%2F%3Ffref%3Dts&amp;tabs=timeline&amp;width=550&amp;height=600&amp;small_header=true&amp;adapt_container_width=true&amp;hide_cover=false&amp;show_facepile=true&amp;appId\"><\/iframe><\/center>[\/vc_column_text][\/vc_column_inner][\/vc_row_inner][vc_row_inner][vc_column_inner]<div class=\"section-header tblock-alter text-center   \">\r\n\t\t\t\t<i class=\"fa \" style=\"color: !important;\"><\/i>\r\n\t\t\t\t<h4 class=\"tblock \" style=\"color: !important;\">Inbetriebnahme Weindistributionszentrum am 01.07.2014<\/h4><p style=\"color: !important;\"><\/p>\r\n\t\t\t<\/div>[\/vc_column_inner][\/vc_row_inner][vc_column_text]bereits fr\u00fch erkannten wir den Bedarf unseren Kunden die sich, entgegegen der Billiganbieter und Gro\u00dfvolumenmoral internationaler Konzerne, nach qualitative hochwertiger Logistikdienstleistung sehnten.<\/p>\n<p>Stetig steigende Nachfrage bewog uns im August 2013 mit den Planungen f\u00fcr ein globales Weindistributionszentrum an unserem Standort in W\u00f6rrstadt zu beginnen.<br \/>\nIm Januar 2014 wurde mit den Bauarbeiten begonnen und mittlerweile stehen wir auf der Zielgeraden, sodass wir am 30.06.2014 den Betrieb aufnehmen werden.<\/p>\n<p>In das neue Lager wird der Bestand aus dem bisherigen Lager Bingen implementiert. Zus\u00e4tzlich steht Platz f\u00fcr weitere 1,6 Mio. Weinflaschen bereit.<\/p>\n<p>Auf einer Gesamtfl\u00e4che von 3000 m\u00b2 wird mit modernster Technik kommissioniert und verpackt. Wir gehen hier neue Wege in Richtung Halbautomatisierung bei der Kommissionierung und Datenvernetzung zwischen unseren zustellenden Partnern.<\/p>\n<p>Bereits vor Einzug freuen wir uns \u00fcber den hohen Zuspruch und die Exzellente Mundpropaganda unsere Kunden. Drei der gr\u00f6\u00dften Weinproduzenten in Europa reihen sich schon in die Kette der Bewerber f\u00fcr dieses speziell auf die Weinlogistik ma\u00dfgeschneiderte Projekt ein.<\/p>\n<p>Gem\u00e4\u00df unserem Motto: &#8222;Sie verkaufen ?, wir k\u00fcmmern uns um den Rest!&#8220; begr\u00fc\u00dfen wir weiter Interessenten im Howasped Weindistributionszentrum um sich von unserer qualitativ hochwertigen Dienstleistung zu \u00fcberzeugen.<\/p>\n<p>Daf\u00fcr b\u00fcrgen wir und stehen ihnen pers\u00f6nlich f\u00fcr alle Fragen in der logistischen Wertsch\u00f6pfungskette zur Verf\u00fcgung.[\/vc_column_text][\/vc_column][\/vc_row][vc_row][vc_column]<div class=\"section-header tblock-alter text-center   \">\r\n\t\t\t\t<i class=\"fa \" style=\"color: !important;\"><\/i>\r\n\t\t\t\t<h5 class=\"tblock \" style=\"color: !important;\">LKW-Maut auf Bundesstra\u00dfen wird zum 1. August 2012 auf vier- und mehrstreifigen Bundesstra\u00dfen erhoben <\/h5><p style=\"color: !important;\"><\/p>\r\n\t\t\t<\/div>[\/vc_column][\/vc_row][vc_row][vc_column][vc_column_text]<strong><\/strong>mindestens vier- und mehrstreifigen Bundesstra\u00dfen auf den Weg gebracht. Danach wird f\u00fcr 84 Bundesstra\u00dfenabschnitte beziehungsweise rund 1100 km Bundesstra\u00dfen mit autobahn\u00e4hnlichem Standard ab dem 1. August 2012 die Mautpflicht gelten. Die Zusammenstellung der betroffenen Bundesstra\u00dfen wurde im elektronischen Bundesanzeiger und im Internet ver\u00f6ffentlicht.<\/p>\n<p><strong>Neue Zeitungsartikel in der Rubrik &#8222;Howapress&#8220;<\/strong><\/p>\n<p><a href=\"http:\/\/www.howasped.de\/neu\/wp-content\/uploads\/2016\/06\/Selection-Fr\u00fchjahr-2011.pdf\" target=\"_blank\"><span><em><strong>Selection Fr\u00fchjahr 2011.pdf<\/strong><\/em><\/span><\/a><\/p>\n<p><a href=\"http:\/\/www.howasped.de\/wp-content\/uploads\/2016\/06\/Alzeyer-Wochenblatt-24.02.2011.pdf\" target=\"_blank\"><span><em><strong>Alzeyer Wochenblatt 24.02.2011.pdf<\/strong><\/em><\/span><\/a>[\/vc_column_text][\/vc_column][\/vc_row][vc_row][vc_column]<div class=\"section-header tblock-alter text-center   \">\r\n\t\t\t\t<i class=\"fa \" style=\"color: !important;\"><\/i>\r\n\t\t\t\t<h4 class=\"tblock \" style=\"color: !important;\">Unternehmensfilm der Howasped GmbH &amp; Co. KG<\/h4><p style=\"color: !important;\"><\/p>\r\n\t\t\t<\/div>[\/vc_column][\/vc_row][vc_row][vc_column][vc_row_inner][vc_column_inner][vc_column_text]<\/p>\n<p style=\"text-align: left;\"><strong><\/strong>Stetig steigende Nachfrage bewog uns im August 2013 mit den Planungen f\u00fcr ein globales Weindistributionszentrum an unserem Standort in W\u00f6rrstadt zu beginnen.<br \/>\nIm Januar 2014 wurde mit den Bauarbeiten begonnen und mittlerweile stehen wir auf der Zielgeraden, sodass wir am 30.06.2014 den Betrieb aufnehmen werden.<\/p>\n<p style=\"text-align: left;\">In das neue Lager wird der Bestand aus dem bisherigen Lager Bingen implementiert. Zus\u00e4tzlich steht Platz f\u00fcr weitere 1,6 Mio. Weinflaschen bereit.<\/p>\n<p style=\"text-align: left;\">Auf einer Gesamtfl\u00e4che von 3000 m\u00b2 wird mit modernster Technik kommissioniert und verpackt. Wir gehen hier neue Wege in Richtung Halbautomatisierung bei der Kommissionierung und Datenvernetzung zwischen unseren zustellenden Partnern.<\/p>\n<p style=\"text-align: left;\">Bereits vor Einzug freuen wir uns \u00fcber den hohen Zuspruch und die Exzellente Mundpropaganda unsere Kunden. Drei der gr\u00f6\u00dften Weinproduzenten in Europa reihen sich schon in die Kette der Bewerber f\u00fcr dieses speziell auf die Weinlogistik ma\u00dfgeschneiderte Projekt ein.<\/p>\n<p style=\"text-align: left;\">Gem\u00e4\u00df unserem Motto: &#8222;Sie verkaufen ?, wir k\u00fcmmern uns um den Rest!&#8220; begr\u00fc\u00dfen wir weiter Interessenten im Howasped Weindistributionszentrum um sich von unserer qualitativ hochwertigen Dienstleistung zu \u00fcberzeugen.<\/p>\n<p style=\"text-align: left;\">Daf\u00fcr b\u00fcrgen wir und stehen ihnen pers\u00f6nlich f\u00fcr alle Fragen in der logistischen Wertsch\u00f6pfungskette zur Verf\u00fcgung.<\/p>\n<p style=\"text-align: left;\"><strong>LKW-\u00d6kosteuer ab 01.10.2013 in Frankreich<\/strong><\/p>\n<p>[\/vc_column_text][\/vc_column_inner][\/vc_row_inner][vc_video link=&#8220;https:\/\/youtu.be\/iCeyln9h51Q&#8220; el_width=&#8220;60&#8243; align=&#8220;center&#8220;][\/vc_column][\/vc_row][vc_row][vc_column width=&#8220;1\/2&#8243;]<div class=\"section-header tblock-alter text-left   \">\r\n\t\t\t\t<i class=\"fa \" style=\"color: !important;\"><\/i>\r\n\t\t\t\t<h4 class=\"tblock \" style=\"color: !important;\">Servicefahrzeug MB-Sprinter in Dienst gestellt<\/h4><p style=\"color: !important;\"><\/p>\r\n\t\t\t<\/div>[vc_column_text]Im Juni konnten wir unser neues Servicefahrzeug MB Sprinter 313 CDI in Dienst stellen.<br \/>\nDieses Fahrzeug wird f\u00fcr Nahverkehrkleinsendungen disponiert um schnell und flexibel Ihre Ware an den Zielort zu bringen. Zus\u00e4tzlich t\u00e4tigen wir mit diesem Fahrzeug Sonderfahrten und Eilzustellungen, sowie Abholungen im Rhein Main Gebiet.[\/vc_column_text][\/vc_column][vc_column width=&#8220;1\/2&#8243;][vc_single_image image=&#8220;1089&#8243; img_size=&#8220;490&#215;367&#8243; alignment=&#8220;center&#8220;][\/vc_column][\/vc_row][vc_row][vc_column]<div class=\"panel panel-default  \"><div class=\"panel-heading\"><span class=\"panel-title\">EMCS<\/span><\/div><div class=\"panel-body\"><strong><strong>WiCHTIGE MITTEILUNG f\u00fcr die Bef\u00f6rderung Verbrauchsteuerpflichtiger Waren EMCS (Excise Movement and Control System) l\u00f6st ab 01.04.2010 die bisherigen Verfahren ab.<\/strong><\/strong><\/p>\n<p>Lesen Sie hier, was sich f\u00fcr Sie \u00e4ndert\u00a0 &#8212;&gt; <a href=\"http:\/\/www.howasped.de\/wp-content\/uploads\/2016\/06\/Neuerungen-EMCS-ab-01.04.2010.pdf\" target=\"_blank\">Neuerungen EMCS ab 01.04.2010.pdf<\/a><\/div><\/div>[\/vc_column][\/vc_row][vc_row][vc_column][vc_column_text]<strong>Auftragsbest\u00e4tigung<\/strong><\/p>\n<p>Information an alle Kunden: Ab sofort k\u00f6nnen wir Ihnen eine Auftragsbest\u00e4tigung zu Ihren Abholungen zukommen lassen. Ist dies ein Interessantes Feature f\u00fcr Sie und m\u00f6chten sich weiter Informieren ? Ein kurzer Anruf gen\u00fcgt um die Versandart auszuw\u00e4hlen (Mail &amp; Fax) und Sie bekommen Ihre Auftr\u00e4ge automatisch best\u00e4tigt.<br \/>\nHerr Hendrik Hochgesand (Tel: 06732-944810) steht Ihnen hierf\u00fcr gerne zu Verf\u00fcgung.[\/vc_column_text][vc_separator border_width=&#8220;2&#8243;][\/vc_column][\/vc_row][vc_row][vc_column][vc_column_text]<strong>Unser Weg zur ISO 9001:2008 mit Qualit\u00e4t und Verbesserung. Wo gibt es heute noch &#8222;Made in Germany&#8220;? Bei HOWASPED !!!<\/strong><\/p>\n<p>Durch unser qualifiziertes und st\u00e4ndig geschultes Personal vom Fach, k\u00f6nnen wir Ihnen alle denkbaren logistischen L\u00f6sungen bieten.<br \/>\nUnser Vorteil liegt in der Praxisn\u00e4he. Wo finden Sie noch ein Unternehmen in adem der Chef selbst \u00fcber die Halle geht um die Ware zu beschauen und ggf. verbessernde Ma\u00dfnahmen einzuleiten?<br \/>\nDurch unser geschultes Personal verbinden wir Logistik Know-how und hochmoderne EDV-Technik miteinander.<br \/>\nIndividuelle L\u00f6sungen f\u00fcr Sie als Kunde sind f\u00fcr uns kein Problem, sprechen Sie uns einfach an .<br \/>\nFachinformationen zur ISO 9001 &#8211;&gt; <a href=\"https:\/\/de.wikipedia.org\/wiki\/Qualit%C3%A4tsmanagementnorm\" target=\"_blank\">http:\/\/de.wikipedia.org\/wiki\/Qualit\u00e4tsmanagementnorm<\/a><\/p>\n<p>[\/vc_column_text]<div class=\"section-header tblock-alter text-center   \">\r\n\t\t\t\t<i class=\"fa \" style=\"color: !important;\"><\/i>\r\n\t\t\t\t<h4 class=\"tblock \" style=\"color: !important;\">Ich komme jetzt auch zu Howasped<\/h4><p style=\"color: !important;\"><\/p>\r\n\t\t\t<\/div>[vc_column_text]Sehr geehrte Damen und Herren, im Rahmen der Modernisierung und der Fortf\u00fchrung unseres kontinuierlichen Verbesserungsprozesses, installieren wir bis zum 30 Juli 08 ein Barcode System im Lagerbereich um hier eine noch h\u00f6here Pickzeit (Kommisionierzeit) zu erzielen.<\/p>\n<p>Sie als Kunde profitieren von der Tatsache ihre hochwertige Ware in die H\u00e4nde eines hochmoderner Logistikdienstleisters zu legen. Eine noch schnellere Auftragsabwicklung bindet dieses neue System eben so ein wie die Taggenaue Abfrage ihres Bestandes den wir ihnen, wenn gew\u00fcnscht, in bestimmten Intervallen zukommen lassen k\u00f6nnen.<br \/>\nEine weitere Neuerung stellt unsere Scherenarbeitsb\u00fchne dar, mit der wir bei Abruf von Kleinmengen (&lt;10 karton) ihre ware auch aus h h\u00f6heren Ebenen im Lager schonend per Hand auslagern k\u00f6nnen. Somit wird jeglicher mechanischer Einfluss unterbunden.<\/p>\n<p>Sollten Sie fragen \u00fcber den neu ausgerichteten Ablauf haben oder wenn Sie wissen wollen inwiefern ihre Ware betroffen ist, dann rufen Sie einfach bei Herrn Hendrik Hochgesand an.<\/p>\n<p>(Tel: 06732-9448-10 oder -62).<\/p>\n<p><!--10--><\/p>\n<p><!--10-->[\/vc_column_text][\/vc_column][\/vc_row]<\/p>\n","protected":false},"excerpt":{"rendered":"<p>[vc_row][vc_column][vc_row_inner][vc_column_inner][vc_column_text] [\/vc_column_text][\/vc_column_inner][\/vc_row_inner][vc_row_inner][vc_column_inner][\/vc_column_inner][\/vc_row_inner][vc_column_text]bereits fr\u00fch erkannten wir den Bedarf unseren Kunden die sich, entgegegen der Billiganbieter und Gro\u00dfvolumenmoral internationaler Konzerne, nach qualitative hochwertiger Logistikdienstleistung sehnten. Stetig steigende Nachfrage bewog uns im August 2013 mit den Planungen f\u00fcr ein globales Weindistributionszentrum an unserem Standort in W\u00f6rrstadt zu beginnen. Im Januar 2014 wurde mit den Bauarbeiten begonnen und mittlerweile [&hellip;]<\/p>\n","protected":false},"author":1,"featured_media":1251,"parent":0,"menu_order":0,"comment_status":"closed","ping_status":"closed","template":"","meta":{"footnotes":""},"class_list":["post-271","page","type-page","status-publish","has-post-thumbnail","hentry"],"_links":{"self":[{"href":"https:\/\/www.howasped.de\/index.php\/wp-json\/wp\/v2\/pages\/271","targetHints":{"allow":["GET"]}}],"collection":[{"href":"https:\/\/www.howasped.de\/index.php\/wp-json\/wp\/v2\/pages"}],"about":[{"href":"https:\/\/www.howasped.de\/index.php\/wp-json\/wp\/v2\/types\/page"}],"author":[{"embeddable":true,"href":"https:\/\/www.howasped.de\/index.php\/wp-json\/wp\/v2\/users\/1"}],"replies":[{"embeddable":true,"href":"https:\/\/www.howasped.de\/index.php\/wp-json\/wp\/v2\/comments?post=271"}],"version-history":[{"count":0,"href":"https:\/\/www.howasped.de\/index.php\/wp-json\/wp\/v2\/pages\/271\/revisions"}],"wp:featuredmedia":[{"embeddable":true,"href":"https:\/\/www.howasped.de\/index.php\/wp-json\/wp\/v2\/media\/1251"}],"wp:attachment":[{"href":"https:\/\/www.howasped.de\/index.php\/wp-json\/wp\/v2\/media?parent=271"}],"curies":[{"name":"wp","href":"https:\/\/api.w.org\/{rel}","templated":true}]}}